 c be m(13). Is t(c) prime?
False
Let t be (-20)/6*810/(-150). Let n(j) be the third derivative of 17*j**4/8 - 65*j**3/6 - 2*j**2. Is n(t) a composite number?
False
Let o(l) = l**3 - 6*l**2 - 4*l - 6. Let w be o(6). Let r = w + 29. Let k = 54 + r. Is k composite?
False
Let b = -28392 - -31663. Is b a composite number?
False
Suppose s = 4*i + 10, -4*i = 2*s - 2*i. Suppose 0 = 3*u - 6, -4*b = s*u + 2*u - 6228. Is b composite?
True
Let j = 129328 - 73029. Is j a composite number?
False
Let b(q) = 2 - 120*q**2 - 201*q**2 + 0 - q + 44*q**2. Let j be b(5). Let y = -4909 - j. Is y a composite number?
True
Suppose -9*g + 888829 = 36268. Is g a composite number?
True
Let f(q) = 1604*q**3 - 2*q + 3. Let t be f(2). Suppose 0 = r + r + 8, -3*r + t = 3*b. Is b prime?
False
Suppose 0 = i + g - 4, -2*g - 4 = 14*i - 16*i. Is (-527000)/(-168) - (i + (-260)/84) a prime number?
True
Is (((-290)/(-50) - 5) + 8020578/15)/2 a composite number?
False
Suppose 5*n - 967706 = m, 9*n = 7*n - 5*m + 387077. Is n a composite number?
False
Let d be 1083/(-38)*(-656)/6. Suppose 4*o - w + d = 9165, w = 3. Is o a prime number?
False
Is (3*1/6)/((-158)/(-623468)) a composite number?
False
Suppose -3 = 3*o + 21. Let z(y) = 4*y**3 + 10*y**2 + 8*y - 4. Let d be z(o). Let q = d + 2155. Is q prime?
False
Suppose -57*x + 501351 = -304002. Is x a prime number?
False
Suppose 21*c - 25183068 - 13019103 = 0. Is c a prime number?
True
Let u(j) = -32*j**3 - 61*j**2 + 57*j + 99. Is u(-31) a prime number?
True
Let k be 1 + -4 + 0/1 + 6. Suppose 8*o = 9*o - k. Suppose -j + 246 = -5*p, 4*p = o*j + 5*p - 754. Is j a composite number?
False
Let x = 249121 + -174206. Is x a composite number?
True
Let t = 283180 - 26111. Is t a composite number?
False
Is 7 - (54/(-405) + (-859558)/15) composite?
True
Suppose -x = -2, 4*s = s - 5*x - 521. Let l be (-2)/(-8) + (196911/36)/17. Let p = l + s. Is p a prime number?
False
Is (-227386)/(-20) - (-222)/(-740) a composite number?
False
Suppose -249*w = -260*w + 253. Suppose w*j - 52*j = -193517. Is j a prime number?
True
Let t be (-90)/4 - (1/2 - 0). Let l = -29 - t. Is ((-177)/(-6))/((-1)/l) composite?
True
Let k = 77200 - 44253. Is k a composite number?
True
Let t = 472401 + -265074. Is t composite?
True
Suppose i - 4*q - 31861 = 0, -12*q + 95639 = 3*i - 10*q. Is i a prime number?
False
Suppose 3*m - 28556 = 5*i + 9570, 4*m + 7639 = -i. Let a = 14864 + i. Is a a prime number?
True
Is (5638160/4)/10 + (-5 - -2 - 0) composite?
True
Let r be (1 - -1)/(12/24). Let g(b) = 735 + r*b + 2992 - 908 + b. Is g(0) composite?
False
Let v(w) = -10*w**3 - 15*w**2 + 361*w + 53. Is v(-28) a prime number?
False
Suppose v - 158 = -3*o, o + 182 = v - 2*o. Suppose -2*p - v = -2028. Is p a composite number?
False
Suppose 0*c + 3*c + 69 = 2*y, -5*y - 4*c + 138 = 0. Let v = -45 - -72. Suppose -v*j - 573 = -y*j. Is j composite?
False
Suppose 5*k - 351 = -34*k. Suppose k*z - 15*z = -1290. Is z a composite number?
True
Suppose 0 = -6*f + 9*f - p + 5373, -2*f - 3*p - 3582 = 0. Is (77/33)/(1788/f - -1) composite?
True
Let s = 760 + 393. Let j = -824 + s. Is j a prime number?
False
Let y = 356613 - 104260. Is y prime?
False
Let x be (64515/18)/17 + 2/12. Suppose -11*u = x - 9880. Is u a composite number?
True
Let g(k) = 190*k - 13. Let w be g(3). Let t(z) = -16*z**2 + 3*z. Let b be t(-4). Let h = b + w. Is h a composite number?
True
Let n be -3*(-2)/12*(0 + 2). Let b be -7 + 14 - 2*n. Suppose 0*a + b*a = -d + 5183, 5*d = -5*a + 25875. Is d a prime number?
False
Let g(c) be the second derivative of 211*c**3/3 - 11*c**2/2 - 4*c - 72. Let j = 4 + 2. Is g(j) prime?
True
Suppose -p + 4*s + 702 = 2*s, -2*p + 1404 = -5*s. Suppose 2*o + 3*d - p = -3*o, 5*d - 20 = 0. Is o + (17 + 3)/4 + -4 a composite number?
False
Suppose 194*g + 20397 + 9479 = 0. Suppose w - 580 = 297. Let b = g + w. Is b a prime number?
False
Let q(i) = 88673*i - 813. Is q(4) a prime number?
True
Let w = -174 + 160. Let r = 25 - 17. Is (-2246)/w + r/14 prime?
False
Suppose -1386670 = 6*s - h - 6016159, 2*s - 4*h = 1543174. Is s prime?
False
Let t be (-4)/(-6) + (-110940)/9. Is (3/(-6))/(1/t) a prime number?
True
Suppose 4*a + t + 69 = 0, -2*a - 19 = -2*t + 23. Let x be 3 + 75/(-27) + (-15998)/a. Is x + ((-2)/(-5) - (-12)/(-5)) a prime number?
True
Let c = 1850 + -1033. Let o be (4/(-3))/(2/444). Let q = o + c. Is q a prime number?
True
Suppose 0 = -4*v + 5*h - 1486, -6*v - 5*h = -v + 1880. Let x be (v - -11)/((-6)/8). Suppose -11*u + 682 + x = 0. Is u a prime number?
False
Let w = 76839 + -22025. Is w a composite number?
True
Let s be 5/15 + (-6)/(-9). Suppose -7*l - 6 = s. Is 60 + l*3/1 a composite number?
True
Let v(d) be the first derivative of 3*d**3 - 7*d**2/2 + 15*d + 190. Suppose -g - 28 = -5*g. Is v(g) prime?
False
Suppose -13*a + 665452 = -243807. Is a composite?
True
Suppose -773 = -16*c + 443. Suppose -70*l + c*l = 19230. Is l prime?
False
Suppose i - h - 26593 = 0, -4*i - 4*h + 110200 = 3844. Is i a prime number?
True
Suppose 4*c - 11*c = -203. Suppose 0 = 4*v + d - 14176, 32*d = 4*v + c*d - 14192. Is v a composite number?
True
Let k(r) be the second derivative of 2109*r**5/20 - r**4/6 + 17*r**3/6 - 27*r**2/2 - 8*r - 11. Is k(2) a prime number?
True
Suppose 52*y = 49*y + 31116. Let p = -4077 + y. Is p prime?
False
Let s = -85759 + 172214. Is s a composite number?
True
Suppose 0 = 58*c - 1413126 + 457142 - 1075582. Is c a prime number?
True
Let f(h) = -49*h**3 + h**2 + 3*h + 2. Suppose 6*o = 3*o + 3. Let p be (o/2)/(5/(-10)). Is f(p) a prime number?
False
Let g be (-1)/(-1) - (-4)/2. Let u be (10/(-6))/5*(29 + -3602). Suppose -g*f = -6*f + u. Is f prime?
True
Suppose o - 75121 = -4*y, -3*y - 17418 = 4*o - 317824. Is o prime?
False
Let h(p) = -p**2 - 4*p + 20. Let i be h(-6). Let x(f) = 6*f**3 - 2*f**2 - 2*f + 11. Is x(i) prime?
True
Let x(n) = -n**3 - n**2 + n + 2. Let s be x(0). Suppose 20 = -4*m, -2*r + s*m = -5*r + 2. Suppose 5*c - 2*a - 17861 = 0, -r*c + 0*a - a + 14281 = 0. Is c prime?
True
Let z = -114684 - -177503. Is z composite?
False
Suppose 2*c + q = 22, 3*q = 6*c - 3*c - 15. Suppose c*g = -6*g + 58545. Is g composite?
True
Let f(t) = 13775*t - 2535. Is f(16) prime?
False
Suppose -6 = 2*n + 2*c, -n + 3*c = -c - 2. Let i(k) = -262*k - 3. Is i(n) a composite number?
False
Let p = 61 - 21. Suppose -2*v - 2*v = -p. Suppose -4*z - 3426 = -v*z. Is z composite?
False
Let a(q) = 15*q**2 - 9*q - 46. Let z be a(-5). Let j = z - 203. Suppose j = 3*i - 30. Is i composite?
False
Suppose -t - b = 9, -13 = -4*t - 3*b - 44. Suppose 4*q = 60 + 240. Let h = q - t. Is h a composite number?
False
Let c(k) = -12*k**3 + 10*k**2 + 6*k + 1. Suppose 7*s + 191 - 135 = 0. Is c(s) a prime number?
True
Let g(n) = -3674*n + 26. Let m be g(-6). Suppose -m = t - 5*t - 2*r, -3*t + 16554 = r. Is t a composite number?
False
Is (-14599710)/(-1380) + (-1)/2*1 composite?
True
Suppose -1523415 = -16*b + 931577. Is b a prime number?
True
Let a = 56 + -88. Is (1*5173)/(-31 - a) a composite number?
True
Let p(d) = 4*d**2 + 1. Let v be p(-1). Is 4 + -2 + (-5)/(v/(-36)) a composite number?
True
Let z = 387 + -387. Suppose z = 18*g - 20740 - 12398. Is g prime?
False
Let f(g) be the third derivative of -1/30*g**5 + 0*g + 0 + 889/6*g**3 + 0*g**4 + 11*g**2. Is f(0) a composite number?
True
Let v(a) = 11*a**3 + 2*a**2 - 12*a + 26. Let s be v(5). Suppose -f = l - 1106, l - s = -3*f + 1933. Is f a prime number?
True
Suppose -19*r - 16 = -23*r. Suppose r*s = -3*h + 8239, -2*h + s + 5478 = -0*h. Is h prime?
True
Suppose -32*a = -23*a - 1485. Suppose -a = -3*p + 744. Is p composite?
True
Let q(c) = c**2 + 10*c - 9. Let y be q(-9). Let t be (y/27)/(((-16)/(-18))/(-4)). Is 36 - (-1)/(-3)*t a composite number?
True
Suppose 4*n - 47 = -3*d, -2*n + 56 = 4*d - 0*n. Let j(o) = o**3 - 13*o**2 - o + 17. Let p be j(d). Is (-2598)/p*(14 + -16) a prime number?
False
Let d(r) be the third derivative of 5*r**4/24 + 391*r**3/6 - 123*r**2. Is d(-38) a prime number?
False
Suppose 0 = 52*s - 20915 + 975 - 23688. Is s prime?
True
Is (6/(-4))/(297/(-36)) + 5946075/165 a prime number?
True
Suppose -5*n = 3*r - 319436, -27*n - 2*r = -29*n + 127752. Is n a prime number?
False
Let f(c) = 1953*c**2 + 16*c + 44. Let g be f(-6). Suppose -g = -3*b - 13*b. Is b a prime number?
Tr